f t and 30.
10
Let w(y) = y**2 - 4. Let j be w(-4). Let v = -212 - -217. Suppose -2*a = -2 - 6, 0 = v*r + a - 244. What is the highest common factor of r and j?
12
Let m = -998 + 1002. Let h be (-2 + 3)/(1/4). Suppose -m*s + 2*v = -5*s + 1, -16 = -4*s - h*v. What is the greatest common factor of 35 and s?
7
Suppose 0 = 80*v - 343*v + 3679370. What is the greatest common divisor of 5 and v?
5
Suppose -1052 - 6482 = -24*p + 3410. What is the greatest common factor of 64 and p?
8
Let r be 9 - (-15)/(4 - 7). Let h be 875/75 + r/3. Suppose -4*v + 345 = -123. Calculate the highest common factor of v and h.
13
Let h(d) = -d**3 - 11*d**2 - 22*d + 135. Let f be h(-9). Calculate the highest common divisor of 57 and f.
57
Let v be (5/(-10) + -1)/(3/956). Let r = -340 - v. Let c = r + -74. What is the highest common factor of 160 and c?
32
Let a be (-53)/265 + 52158/15. What is the greatest common factor of a and 114?
57
Suppose -357*w + 93 = -356*w + 4*l, 4*l = 5*w - 489. What is the greatest common divisor of 7081 and w?
97
Let w be (-63)/(-35) + -1*(-52017)/35. What is the highest common divisor of w and 775?
31
Suppose -7*c = -11*c + 16. Suppose 5*y - 35 + 332 = -c*l, 3*l - 2*y = -240. Let u = l + 99. Calculate the highest common divisor of u and 147.
21
Suppose 0 = -2*z + 3*z - 18. Suppose 3*q = o + 4*o + z, 3*o + 46 = 5*q. Suppose 28*k + 3962 = -11*k + 5678. Calculate the highest common divisor of k and q.
11
Let r be 2/8 + 262350/424 + (-2 - 6). Calculate the greatest common factor of 39 and r.
13
Let n(a) = 0*a + 6*a + a**2 + 2*a**3 + 3*a - 16*a + 3. Let f be n(2). Suppose -27 = -4*u + f. Calculate the highest common divisor of 81 and u.
9
Suppose -2*s - 54 = -4*u, 3*s + 6 = -u + 2. Suppose -41*o - 7*o - 12720 = 0. Let f = -177 - o. Calculate the greatest common divisor of u and f.
11
Suppose 5*g = 4*d + 14, -2*g - 2*d = -1 - 1. Suppose 91 - 37 = p. Let q = p + -49. What is the greatest common divisor of q and g?
1
Let u = -2939 - -2947. Calculate the greatest common divisor of u and 1348.
4
Suppose -4636 = -z - 3*z - 3*t, 3*z = t + 3503. Calculate the greatest common divisor of 25 and z.
5
Let s = -19 - -33. Let f(p) = -21*p - 12*p + 7*p + 11 + p**2 + 63 + 93. Let b be f(23). What is the highest common divisor of b and s?
14
Suppose 30 - 18 = 2*h. Let o(z) = z**2 + 8*z - 72. Let c be o(h). Calculate the greatest common factor of 780 and c.
12
Suppose -5*a = 28 - 8, 0 = -b + 2*a + 48. Let g(m) = -m**2 + 47*m - 92. Let x be g(8). Calculate the highest common divisor of b and x.
20
Let n(j) be the third derivative of -3*j**4/8 + 7*j**3/3 - j**2 + 20*j. Let s be n(0). What is the greatest common factor of 42 and s?
14
Suppose -136 = -28*p + 11*p. Suppose -f + p = 3*l + 2*l, -94 = -5*f + 2*l. Calculate the highest common factor of 72 and f.
18
Let s(g) = -g**3 - 20*g**2 - 18*g + 3. Let h be s(-19). Let m be (h/(-10))/((-16)/(-40)). Let n = 23 + -19. What is the highest common factor of m and n?
4
Let x(h) = -h**2 - 11*h - 8. Let k be x(-8). Suppose 13*w - k*w + 675 = 0. What is the highest common divisor of 50 and w?
25
Let i be -7*(42/63)/(2/3). Let s(n) = -n**3 - 7*n**2 - 7*n - 47. Let x be s(i). Calculate the highest common factor of x and 8.
2
Suppose -4 = -2*f - 9*t + 6*t, -4*f = 4*t - 8. Suppose -153 + 213 = f*s. Calculate the greatest common divisor of s and 15.
15
Suppose 13*d + 22*d = 57400. Calculate the highest common factor of d and 60.
20
Let r be (-681)/(-5) + 11 + 51/(-5). Calculate the highest common divisor of 8357 and r.
137
Let x be ((-22)/1)/(48 + 679/(-14)). What is the highest common factor of 14344 and x?
44
Let u be (-558 - (8 + -4) - -1)*-8. Calculate the greatest common factor of 136 and u.
136
Let o be 2443 + 4 - (50 + -67). Calculate the greatest common factor of o and 462.
154
Let o be -6 + (-862)/2*12/(-6). Calculate the greatest common divisor of 535 and o.
107
Let x = 5750 + -5225. What is the greatest common factor of 1750 and x?
175
Suppose 5*a = 2*v + 3137, -a - 141 = 2*v - 778. What is the greatest common divisor of a and 74?
37
Let r be -1 + 21/27 + (-2587)/351*-6. What is the highest common factor of 1188 and r?
44
Let l(i) = -30*i - i**2 - 5180*i**3 + 5181*i**3 + 7*i**2 + 22. Let r be l(-9). Calculate the highest common divisor of r and 1568.
49
Suppose -32 = -5*y + 18. Let m be -6*((-3)/(-10))/(-3)*-5. Let l(z) = -40*z - 30. Let s be l(m). What is the greatest common divisor of y and s?
10
Suppose 9 = -71*s + 74*s. Suppose -3*g + g + 202 = -3*c, -4*g + s*c + 410 = 0. Suppose -4*a + g = 20. What is the greatest common divisor of a and 105?
21
Let f = 13638 + -11804. What is the highest common divisor of f and 14?
14
Let i = 526 + 462. Calculate the greatest common factor of 228 and i.
76
Let v be (-1 - 5) + 6 + 455/7. What is the highest common divisor of 8970 and v?
65
Let g = 12753 - 9401. Calculate the greatest common factor of 8 and g.
8
Let i(n) = -n**2 - 19*n - 20. Let t be i(-15). Suppose y = -6*y - 42. Let h be 11/((-110)/15)*32/y. Calculate the highest common factor of h and t.
8
Let u be 18/(-207) - (-117)/23. Suppose 3*y + 5*s - 611 - 335 = 0, -u*s - 1308 = -4*y. What is the greatest common divisor of 14 and y?
14
Let c = -884 + 616. Let w = c + 280. What is the greatest common divisor of 15 and w?
3
Suppose -9*c + 1349 = -4*c - o, -271 = -c - o. Suppose -4*i + 152 = 3*l - 47, 0 = 4*l + 3*i - c. Calculate the greatest common factor of 3 and l.
3
Let g be 14/28 - ((-21)/6 + 1). Suppose 0*r - 3*t - 1808 = -4*r, 0 = -g*r - 4*t + 1381. What is the highest common factor of r and 65?
65
Let h(c) = c**2 + 8*c - 12. Let s be h(-9). Let m be ((-2)/s)/(4/24). Suppose p = -m*p + 25. Calculate the greatest common divisor of 55 and p.
5
Let c = 627 + -367. Let x = c - 157. Let y = -12 + x. What is the highest common factor of 13 and y?
13
Suppose -2*g = -14 + 4. Let z = -1240 + 1265. What is the highest common divisor of g and z?
5
Let u(p) = -88*p - 5489. Let h be u(-110). Calculate the greatest common divisor of 66 and h.
33
Let u = 10855 + -10659. Calculate the greatest common divisor of 8 and u.
4
Let y = 196 - 194. Suppose 5*t - o = 15, y*t - 9 = 8*o - 7*o. What is the highest common factor of t and 6?
2
Let x(u) = -2*u**3 - 4*u**2 - 63*u - 198. Let m be x(-3). Calculate the greatest common factor of m and 6309.
9
Let m(h) = -35*h + 150. Let q be m(8). Let o = q - -150. Calculate the highest common divisor of o and 340.
20
Let f(k) = -6*k - 2. Let r(t) = t - 3. Let g be r(0). Let w be f(g). Let j = 289 + -161. What is the highest common factor of w and j?
16
Let c(o) = o**2 - 6*o + 7. Let y be c(6). Let h = -72 - -138. Let j = h - 52. What is the greatest common factor of j and y?
7
Let r = 64 + -66. Let i be ((-85)/r)/(2*4/(-192)). Let g be 6/(-4)*i/45. Calculate the greatest common divisor of g and 85.
17
Suppose -q - 3 = -7. Suppose 350 = 3*f + q*f. Suppose 69 = j + f. Calculate the highest common factor of j and 209.
19
Let x(s) = 15*s**2 - 1571*s + 230. Let b be x(105). What is the highest common factor of b and 2150?
50
Let o(l) = l**2 + 58*l + 877. Let b be o(-22). Suppose 0 = -m - 2*i - 2 + 13, -14 = -m - i. Calculate the greatest common factor of m and b.
17
Let y = 28611 + -28471. Calculate the highest common divisor of y and 2590.
70
Let t be 1406560/826 + 1/7. Calculate the greatest common factor of t and 13.
13
Suppose 3*s = 0, s + 160 = 3*q + q. Suppose 48*v + q = 136. What is the highest common factor of v and 10?
2
Let h be (-9 + 8)/(0 + (-2)/158). Let c = -74 + h. Suppose 4*a + 2*z + 0*z - 8 = 0, 5*z = c*a + 5. What is the highest common divisor of 1 and a?
1
Suppose 8021 - 1741259 = -351*x. Calculate the greatest common divisor of x and 6.
6
Let h be (32/12)/((-56)/(-756)). Let v = 240 - 132. Calculate the highest common divisor of v and h.
36
Let j = -1486 - -1499. What is the greatest common factor of j and 17?
1
Suppose -832 = -3434*f + 3418*f. What is the highest common divisor of f and 221?
13
Suppose 4*b + 876 = 5*y, -11*b = -7*b + 16. Calculate the highest common divisor of y and 24.
4
Suppose 4*n - 13*n + 13*n = 0. Suppose -3*v - 42 = -2*x - n*x, -x - 4*v = 1. What is the greatest common divisor of 6 and x?
3
Let t be ((-5)/2 + 4)*2 - 5. Let r be ((-5)/t)/(2/8). What is the great